. Suppose 6 = n*h - h. What are the prime factors of 26/10 - h/(-15)?
3
Suppose -7*j = -1347 - 270. Suppose 5*v - j = -k, 3*v + v - 4*k = 204. What are the prime factors of v?
47
Let j = 102 + -66. Suppose 0*k - 3*k + j = 0. List the prime factors of k.
2, 3
Let o be (-4)/(-2) + -1 + 1. What are the prime factors of o - 0 - 1*-21?
23
Suppose 4*h - 3*h = 29. List the prime factors of h.
29
Suppose 6*y = y + 35. Suppose y*o - 5*o - 36 = 0. List the prime factors of o.
2, 3
Let f(r) = -r**3 - 9*r**2 - 3. Let z be f(-9). Let o = -9 + 14. Let u = z + o. List the prime factors of u.
2
Let g = -222 - -458. List the prime factors of g.
2, 59
What are the prime factors of 12 + (-3 - -3 - 1)?
11
Let t(p) = p**3 + 7*p**2 + 8*p + 7. Let g be t(-5). Let h = g - 11. What are the prime factors of h?
2, 3
Let h(z) = -z**2 - 8*z - 7. Let c be h(-7). Suppose 5*o + 16 + 4 = c. List the prime factors of o/1*3/(-2).
2, 3
Suppose 0 = -w + 5*q + 11, 0 = w - 2*w - 5*q - 19. Let t be w/18 + (-110)/(-9). Let i = t - 1. What are the prime factors of i?
11
Suppose -6 + 36 = 3*d - 3*j, 0 = -2*d - 5*j + 55. Suppose 4*h = 3*h + d. What are the prime factors of h?
3, 5
Suppose 23*v - 55 = 22*v. What are the prime factors of v?
5, 11
Suppose 0 = 2*x - q - 35, 5*x + 2*q - 49 = 34. What are the prime factors of x?
17
Let v = 3 + -4. Let f be 3*v/(9/(-12)). Suppose 9*h = f*h + d + 30, 0 = -d. List the prime factors of h.
2, 3
Let o(w) = 4*w + 2. Suppose -5*z - 19 = 2*a, -4*z - a + 5*a - 32 = 0. Let c be (8/10)/((-1)/z). List the prime factors of o(c).
2, 3
Let s(r) = -r**3 - 4*r**2 + 4*r - 5. Let b be s(-5). Suppose -3*v - i - 3 = b, -3*i - 5 = 5*v + 4. List the prime factors of (-2 - -1)*(v - 8).
2
Let w(t) = t**3 - 7*t**2 + 6*t - 4. Let a be w(6). What are the prime factors of (-78)/(-21) + a/(-14)?
2
Suppose -25 = 4*k - 5*f, -2*f + 10 = 5*k - 0*f. Suppose -5*u - 4*x + 88 = 8, k = -5*x. List the prime factors of u.
2
Suppose 5*k + 5*u = -15, -3*k + u + 13 = -6*k. Let v = 8 + k. Let m(j) = -j**3 + 4*j**2 + 4. What are the prime factors of m(v)?
13
Let p(m) be the second derivative of m**5/20 - m**4/2 + m**3/3 - m**2/2 - 2*m. List the prime factors of p(6).
11
Suppose 6*b - 16 = 2*b. Suppose 0 = 4*u + b*l - 44, -2*u - u - 4*l = -28. Suppose 2*v = 4*j + u, -v - j = -2*j - 8. List the prime factors of v.
2
Suppose -a + 5*s + 32 = -0*a, 3*a + s = 16. List the prime factors of a.
7
Let u(a) be the first derivative of -a**4/4 + 4*a**3/3 + 5*a**2/2 + 4*a - 2. Let j be u(5). Suppose -5 + 21 = j*r. List the prime factors of r.
2
Let y = 5 + -1. Suppose -3*q - 104 = -2*s - q, -y*q = -5*s + 255. List the prime factors of s.
47
Let m be 0 - -3 - (3 + 0). Suppose 0 = -2*j - 2*p + 24, -4*p + m*p = -3*j + 36. List the prime factors of j.
2, 3
Let j(c) = -c - 2. Let p be j(-5). Let w(d) = -p*d + 4*d + 1 - 3. List the prime factors of w(5).
3
Let v(w) = -w**3 + 5*w**2 - 3*w + 4. Let f(m) = -m + 1. Let r be f(-4). Let i be v(r). List the prime factors of (0 - -2)/(-2) - i.
2, 5
Let i(w) = w**3 - 5*w**2 + 2*w - 5. Let f be i(5). Let r be 2/(f/4 - 1). Suppose -3*x + 4 = -r. List the prime factors of x.
2
List the prime factors of ((-295)/(-1))/(8/(-8) - -2).
5, 59
Suppose 3*q = 4*q, 5*p = 4*q + 475. List the prime factors of p.
5, 19
List the prime factors of 7/(7/2) - -41*1.
43
Let u(o) = -1. Let z(y) = 3*y - 4. Let x(w) = -2*u(w) + z(w). List the prime factors of x(4).
2, 5
Suppose -2 = o - 4. Suppose -3*a + 7 = o*v - 25, 5*a = -4*v + 54. List the prime factors of a.
2, 5
Suppose 0*i + 172 = 4*i. Suppose 4*a - 20 - 12 = -3*w, -4*w - 5*a = -i. List the prime factors of w.
2, 3
Let c be (2 - 1) + -3 - -4. Let w be 1 + -2 + c + 5. Suppose -2*r = b - w, -4*r + 9 + 3 = -5*b. What are the prime factors of r?
3
Let j be 1/((4 + -2)/10). Suppose 2 = -j*b + 17. What are the prime factors of b?
3
Let d be 20/25*(0 + 5). List the prime factors of 140/d*(-2)/(-5).
2, 7
Suppose 5*b - 2*z - 287 = 0, 5*b + 0*z - z = 291. What are the prime factors of b?
59
Suppose 0 = 3*i - 0*i + 3*z - 27, 0 = 4*i - 2*z - 12. Suppose 0 = -3*n - n + 4, 0 = i*t - 2*n - 93. Let u = 41 - t. What are the prime factors of u?
2, 11
Suppose 0 = 3*w - 0*w - 66. Let q(l) = -3*l**3. Let y be q(-1). List the prime factors of 0 + (-3)/y + w.
3, 7
Let h = 289 - 212. List the prime factors of h.
7, 11
Let s = -12 - -22. List the prime factors of s.
2, 5
Suppose 3*x = -13 + 58. What are the prime factors of x?
3, 5
Let q be 2*3/(-18)*-9. Suppose v = -q*v. Suppose v = -4*f + 3*s + 25 + 3, -5*s = -2*f + 14. List the prime factors of f.
7
Let y = -5 + 14. List the prime factors of y.
3
Let z = 2 + -2. Suppose z*b = -b + 3*p - 13, 0 = 5*b - 2*p. Let d = 9 - b. List the prime factors of d.
7
Let z be 5*(-1 - 14/(-10)). Let u = z - -3. Suppose -u*l - 5*s + 4*s + 29 = 0, -4*l = 5*s - 40. List the prime factors of l.
5
Let b = 52 - 37. Suppose -4*h + b = h. What are the prime factors of 2/((-70)/(-22) - h)?
11
Let k = 7 + -11. Let m = 10 - k. Let j = 20 - m. What are the prime factors of j?
2, 3
Let i be (1 + 2 + -2)*31. Suppose 4*z + i = 127. Suppose -4*t = -2*t - z. List the prime factors of t.
2, 3
Let u = -4 - -4. Suppose 3*m + 2*p - 45 = 0, u = p + 4*p - 15. What are the prime factors of m?
13
Let u(i) = -i**2 + 6*i - 1. Let q be u(5). Suppose q*k - 5*b = 21, 0*b - 4 = 4*b. Suppose k*l - l = 6. List the prime factors of l.
2
Suppose 0 = -0*k - 4*k + 40. Let g be 1/2 + 2058/28. What are the prime factors of k/(-25) + g/10?
7
Let h(p) = -p**2 + 2*p - 2. Let w be h(2). List the prime factors of (2/(-4) - 4)*w.
3
Let n = -8 - -11. Suppose 0 = n*t - 5*t + 64. Suppose -5*q + 2*v = v - t, 2*v = -q + 2. List the prime factors of q.
2, 3
Let q(k) = -2*k - 13. Let f be q(-9). Let s = -3 - -4. Suppose -2*v - l + f + s = 0, 0 = -3*l. What are the prime factors of v?
3
What are the prime factors of 58 - (1 + 0 + 0)?
3, 19
Let m be 2 - 5 - 0 - 3. Let f(l) = -4*l + 2. What are the prime factors of f(m)?
2, 13
Let z(n) be the third derivative of -n**5/60 + 7*n**4/12 + 17*n**3/6 - 9*n**2. List the prime factors of z(13).
2, 3, 5
Suppose 0 = 4*w - w - 3*x - 48, w = 3*x + 16. What are the prime factors of w?
2
Let l = -3 - -7. Suppose u - 28 = -4*j, 5*j - 3*j - 28 = -l*u. List the prime factors of j.
2, 3
Let o(c) = 6 + c + 0 - 3 - 5. What are the prime factors of o(4)?
2
Let p(a) = a**3 - 5*a**2 - 5*a - 6. Let h be p(6). Suppose h*i = -5*i. Suppose 0 = c - y - 8, i = -2*c - 4*y - 0*y + 34. List the prime factors of c.
11
Suppose 5*r = -4*t + 424, 2*t + r - 212 = -2*r. What are the prime factors of t?
2, 53
Suppose -62 = -2*p + r, 0*r + 2*r + 91 = 3*p. What are the prime factors of p?
3, 11
Let j = -32 + 65. List the prime factors of j.
3, 11
Let n = -15 - -12. List the prime factors of 2 - (n - -2) - -1.
2
Let x be 0/3 - 5/(-1). Suppose -c = 4*c - 20. Suppose x*u = -i + 37, -3*i + c*u + 3 + 13 = 0. What are the prime factors of i?
2, 3
Suppose 0 = 2*c - c - 27. List the prime factors of c.
3
Let d = 30 - -3. What are the prime factors of d?
3, 11
Suppose -2*s = 3*l + 10, 2*l + 4*s - 7 + 19 = 0. Let n(g) = 11*g**2 - 1. Let z be n(l). Suppose 0 = 5*w - z - 7. List the prime factors of w.
2, 5
Let k = -4 + 6. Suppose z - 23 = -2*p + k, -70 = -3*p + 5*z. What are the prime factors of p?
3, 5
Let l(q) = q**2 - 9*q - 1. Suppose -4*u + 33 = -3. Let z be l(u). Let i(n) = -9*n**3 + n**2 + n. What are the prime factors of i(z)?
3
Let d = -1 - -3. Suppose -3 - 2 = -3*z - 4*i, -4*z + d = 3*i. What are the prime factors of -24*2*z/4?
2, 3
Let j(p) = -3*p**2 - 2*p + 1. Let v be j(-2). Let z = v + 21. List the prime factors of z.
2, 7
Suppose w = -5*d - 6, 5*w + 5 = -0*w. Let v be 1/3 + (-4)/(-6). Let m = v - d. List the prime factors of m.
2
Suppose -p - 4*p = 90. Let f = p - -38. List the prime factors of f.
2, 5
What are the prime factors of (-10)/(-3)*(-18)/(-15)?
2
Suppose -19 = -4*p + 3*p. List the prime factors of p.
19
Let t(h) be the first derivative of -4*h**2 + h + 5. List the prime factors of t(-4).
3, 11
Let t(n) = 15*n**3 + n**2 + n - 1. Let y be t(1). Suppose -5*x + x + y = 0. Suppose x*a + h = 24, -a + 2*h = h - 1. What are the prime factors of a?
5
Suppose 6 = 3*z - 2*f - 3*f, 4*f = z - 2. List the prime factors of 27/z + 21/(-14).
2, 3
Let h(f) be the sec